(h) = 4 + c*h - 3 + 1. What is the units digit of p(1)?
1
Suppose 0 = d - 0*d - 3*a + 750, 3*d + 2234 = a. Suppose 5*j + 16 = 3*r, 0 = -r - 4*j - 19 - 4. What is the units digit of d/18*r/2?
2
Let n(u) = 14 + 6*u + 2*u + 6*u - 4*u + u**2. Let a be n(-9). Suppose -l + 6*l - 60 = -a*c, -2*l - 9 = -c. What is the units digit of c?
1
Let a = -6300 - -17951. What is the thousands digit of a?
1
Suppose 17*y + 23544 = 146267. What is the thousands digit of y?
7
Let a(k) be the second derivative of k**5/20 - k**4/12 - k**3 + 8*k**2 - 26*k. What is the tens digit of a(0)?
1
Let v(z) = 85*z**2 - 7*z - 8. Let w be v(-1). Let m = w - -41. What is the units digit of m?
5
Let t(j) be the second derivative of -43*j**5/10 - j**3/6 - 2*j. Let i(g) = -g**2 - 10*g - 10. Let a be i(-9). What is the tens digit of t(a)?
8
Let i(b) = -b**2 - b - 9. Let c be i(0). Let a(u) = -u**3 - 3*u**2 + 32*u - 20. What is the units digit of a(c)?
8
Suppose -5*z - 2*z = -280. Suppose 175 = -5*y + z. Let q = y - -107. What is the tens digit of q?
8
Suppose -a - 5*s = -16188, -4*a + 749*s - 748*s + 64605 = 0. What is the units digit of a?
3
Suppose 5*q = 4*t + 2600, 0 = 3*q - 8*t + 6*t - 1560. Suppose 2*i - 528 = -3*h - 3, 2*i - 2*h = q. What is the units digit of i?
1
Let z be ((-30)/24)/((-1)/100). Suppose m = 2*m + z. Let u = -61 - m. What is the units digit of u?
4
Suppose 0 = 2*i - 4*m - 1246, 4*m = -i + 487 + 100. What is the tens digit of i?
1
Let m(w) = w**3 - w + 10. Let g be m(0). Let v be 1384/g + (-10)/25. Suppose -2*r = 5*z - 164, -v = -4*r + 2*z + 166. What is the tens digit of r?
7
Let v(w) = -4*w**3 - 29*w**2 + 62*w + 36. What is the hundreds digit of v(-16)?
0
Let i(p) = p**3 + p + 3. Let v be i(0). Suppose -2*w + 505 = v*w. Let d = 196 - w. What is the tens digit of d?
9
Suppose 13*n - 118494 = -19681. What is the tens digit of n?
0
Let b be (-7)/(-21) - (-31)/(-3). What is the tens digit of 4/b - (-22729)/85?
6
Let b(i) = 1204*i + 13324. What is the thousands digit of b(17)?
3
Let y(s) = s**3 + 22*s**2 + 17*s - 49. Let l be y(-21). Suppose -q = l - 135. Suppose -3*w = -q - 131. What is the units digit of w?
7
Let w(o) = -17*o**2 + 6*o + 49. Let n(r) = -16*r**2 + 6*r + 47. Let p(m) = -6*n(m) + 5*w(m). What is the units digit of p(8)?
9
Let o(n) = -n**3 + 61*n + 47 - 79*n + 2*n**3 - 53*n**2. What is the tens digit of o(54)?
9
Suppose 105 = n + 4*q - 1, 2*q = n - 82. Let a be n*5/(100/(-24)). Let t = -86 - a. What is the tens digit of t?
2
Suppose 224952 - 949577 = -55*o. What is the hundreds digit of o?
1
Let j = -14 - -14. Let x(s) = -18*s**2 - 17*s + 7*s + 8 + 13*s + 17*s**2. What is the units digit of x(j)?
8
Suppose -666*h + 618*h + 247392 = 0. What is the units digit of h?
4
Let j be (-16)/20*85/2 - -2. Let w = j + 55. Suppose 18*n - w*n + 535 = 0. What is the hundreds digit of n?
1
Suppose -105*u + 16*u - 110*u + 5275888 = 0. What is the tens digit of u?
1
Let q(r) = 3*r**2 + 6*r - 6. Let m be q(-3). Suppose 5*w = i - 22, -m*i + 7*i + 2*w = 110. Suppose -i*p = -30*p + 447. What is the units digit of p?
9
Suppose 5*h = 6*h - 3029. What is the hundreds digit of h?
0
Suppose -14 + 14 = 4*s. Suppose 0 = 9*c - s*c - 1269. What is the tens digit of c?
4
Let x(q) = -3*q**3 + q**2 + 4*q + 18. Let n be (2/4)/((-16)/192). What is the units digit of x(n)?
8
Suppose -3*q = 5*l - 15, -2*q - 2*l = 2*q - 6. Let a(t) = t**2 - t + 9. Let b be a(-6). Suppose f = w - 1 - b, q = -5*f + 15. What is the units digit of w?
5
Let k(q) = -218*q - 328. What is the thousands digit of k(-9)?
1
Suppose 4*x - 20 = 0, 5*b - 10*x + 7*x - 87045 = 0. What is the hundreds digit of b?
4
Let p = 13363 + -13365. Let u(s) = 72*s**2 - 4*s - 8. Let o(b) = 71*b**2 - 5*b - 8. Let v(t) = -5*o(t) + 6*u(t). What is the hundreds digit of v(p)?
2
Let a(c) = c**3 - 5*c**2 - 14*c + 2. Let d be a(7). Suppose 5*b = -d*p - 7, -2*b = b + 2*p + 5. What is the units digit of b*2/4*-248?
4
Let y(d) = d - 43. Let n be y(-23). Let i be 0/(-1) + (-7 - -220). Let c = n + i. What is the tens digit of c?
4
Let v = -290 + 290. Suppose v = 4*g + y - 1836, 4*g - 846 - 966 = 5*y. What is the tens digit of g?
5
Suppose 0 = -8*i + 3*i + 5*r + 525, -322 = -3*i - 4*r. Let c be ((-9)/18)/(1/i). Let h = c - -131. What is the tens digit of h?
7
Suppose q + 1 = 5*l + 3, -2*q - 14 = -l. Let w(h) = 85*h - 28. Let g(k) = 98*k - 27. Let i(u) = 6*g(u) - 7*w(u). What is the units digit of i(q)?
0
Let t(u) = -2*u**3 + 4*u**2 - 14*u + 1543. What is the thousands digit of t(0)?
1
Suppose -20*w + 16*w = 46*w - 111750. What is the thousands digit of w?
2
Let a(i) = 61*i**2 + 7*i - 11 + 74*i**2 - 198*i**2 + 121*i**2. What is the units digit of a(4)?
5
Suppose 5*a + 10*f + 2518 = 9*f, -f - 2014 = 4*a. Let m = -18 - a. What is the units digit of m?
6
Let i be (-32)/(-56) - (-528)/7. Suppose 3*g - 94 = -i. Suppose -3*y = -g*y + 45. What is the units digit of y?
5
Suppose 0*t + 344 = -t. Let j = 666 + t. What is the hundreds digit of j?
3
Let d(w) = 155*w**2 - 2*w - 16. Let h be d(-11). Suppose 33*z = -314 + h. What is the tens digit of z?
5
Let z(g) be the third derivative of 5*g**4/12 + 43*g**3/3 + 3*g**2 + 5. What is the hundreds digit of z(7)?
1
Suppose 24*m + 4 = 26*m. Suppose 3*i - k + m = 2*i, 0 = 4*i - k - 7. Suppose -4*g + 460 = 4*n, -i*n + 2*g = -7*n + 454. What is the tens digit of n?
1
What is the tens digit of 9062 + (-14)/49*-49?
7
Suppose 4*i + 4*q = 26468, -33094 = -2*i - 3*i + 4*q. Suppose 8982 = 16*d - i. What is the units digit of d?
5
Suppose -160*s - 224268 = -204*s. What is the tens digit of s?
9
Let m(p) be the second derivative of -2*p**3/3 + 7*p**2 - 15*p. Let g be m(-8). Suppose -5*l = -g + 16. What is the units digit of l?
6
Let r(u) = -160*u**3 + 7*u**2 + 19*u**2 + 159*u**3 - 17 + 69 - 27*u. What is the tens digit of r(24)?
5
What is the tens digit of 1*21*17812206/5481?
4
Suppose -316*p + 19115 + 6315 = -311*p. What is the hundreds digit of p?
0
Let v(l) = l**2 - 2*l - 8. Let c be v(4). Let j(s) = -s**3 + 103*s**2 + 10*s + c*s**3 + 4 - 95*s**2. What is the hundreds digit of j(6)?
1
Suppose 47*a - 18 = 46*a. Let b = 40 + a. What is the units digit of b?
8
Let k(f) = -3*f - 31. Let q be k(-4). Let h = q + 19. Let o(u) = -u**2 + 2*u + 53. What is the units digit of o(h)?
3
Let o be 1/(-3) + (-43098)/(-18). Suppose 8*q - o = q. What is the units digit of q?
2
Let w be 3/6 - (-185)/10. Suppose -b + w = 4*b + 3*z, 0 = 2*b + 5*z. Suppose 2*y + b*t - 335 = 0, -2*t + 0*t = -5*y + 910. What is the hundreds digit of y?
1
Let r = 6 + 15. Let y(u) = -u**3 + 21*u**2 + 17*u - 71. What is the units digit of y(r)?
6
Let a = -15823 - -27074. What is the units digit of a?
1
Let q = -32 - -31. Let r be (17 - -8)/((2/(-2))/q). Suppose -43 = -i + r. What is the units digit of i?
8
Suppose 46*a - 33806 = -2*g + 42*a, g - 3*a = 16888. What is the tens digit of g?
9
Let v(x) = 46*x - 25*x + 55 - 6*x. What is the units digit of v(21)?
0
Let t(g) = -81*g + 116. Let h be t(2). Let l = 1454 - h. What is the hundreds digit of l?
5
Let h(o) = -14*o + 24. Let q be h(-16). Suppose -4*i + 284 = -0*b + 2*b, -2*i = -4*b + 518. Let l = q - b. What is the tens digit of l?
1
Suppose -130*v + 141*v = 22187. What is the thousands digit of v?
2
Let b = 283 - 256. Suppose -29*c + 6 = -b*c. What is the units digit of c?
3
Suppose -37*w = -11*w - 6*w - 127160. What is the hundreds digit of w?
3
Suppose 230 = -6*k + 29*k. Suppose -7*v - 2613 = -k*v. What is the units digit of v?
1
Let o(r) = -5*r**2 - 18*r - 29. Let h(s) = -5*s**2 - 17*s - 31. Let w(j) = -7*h(j) + 6*o(j). What is the hundreds digit of w(-10)?
4
Suppose 0 = -120*n + 243592 - 179163 + 437051. What is the hundreds digit of n?
1
Let s = -11599 - -12346. What is the units digit of s?
7
Let k = -2988 - -5868. Let t be -56*(-6)/48 - -1*7. Suppose t*h - 2*h - k = 0. What is the units digit of h?
0
Let x be (390/24)/5 + 3/(-12). Suppose d - x*v - 187 = 0, 17*d + 4*v - 796 = 13*d. What is the tens digit of d?
9
Let u = -1373 + 6326. What is the thousands digit of u?
4
Suppose 176 + 304 = 8*f. Let v(b) = 5 - 3 + 97*b - f*b + 148*b. What is the hundreds digit of v(1)?
1
Let k be 2838*(2 + 15/(-10)). Suppose 4*a = -5*o + k + 309, -a = 3. What is the hundreds digit of o?
3
Let f be (240/(-36))/((-1)/102). Le